 - 7*x**2 + 10*x - 7. Is f(u) a prime number?
False
Let d(o) = 4*o + 5*o**3 - 5 - 4*o**2 - 3*o - 6*o**3. Let g be d(-5). Suppose g*l = 3*l + 1572. Is l prime?
True
Suppose 8*p - 4*p = 8. Let v be (13/5 + (0 - p))*-5. Let h(r) = -81*r**3 - r**2 + r + 8. Is h(v) prime?
False
Let q = -48694 + 83277. Is q composite?
False
Suppose -5*t = -6*i + i + 10, 5*t + 5*i - 30 = 0. Suppose -m + 3*j + 1341 = -j, 0 = -4*m - t*j + 5436. Is m a composite number?
True
Suppose 387*d = 330*d + 4932821 + 19373005. Is d a composite number?
True
Let h(x) = 238*x + 3. Let r(w) = w + 1. Let k(c) = -h(c) - 2*r(c). Let j be k(-7). Suppose -4*g + 0*v + v + 2224 = 0, 0 = -3*g - v + j. Is g a prime number?
True
Is 1 + -8 + 4 + 170067 + (-20)/(-4) a composite number?
True
Let b(m) = 3*m**2 - 87*m + 1075. Is b(-124) a prime number?
True
Is (50/3)/25 - (-784370)/6 prime?
True
Let l(n) = 4*n - 51. Let z be l(22). Let r = z + -33. Suppose 5*h - 431 = -r*u + 1843, 563 = u + 4*h. Is u a composite number?
False
Let z(k) = -k + 35. Let j be z(11). Let s be 24 - j - 19*37. Let y = s - -1194. Is y a composite number?
False
Let m be (2 - (-6580)/(-6))/(3/(-63)). Suppose 2*i + 6006 = m. Is i a prime number?
False
Suppose -3*o - 135 = -57. Let f(i) = -739*i + 23. Is f(o) a prime number?
True
Let w = 1884938 - 333781. Is w prime?
True
Suppose 30*p - 6269 = 300541. Suppose 16*c = 14269 + p. Is c a prime number?
True
Suppose -25*y = -31*y + 306. Let o be (36152/(-3))/((y/(-162))/17). Is (o/78)/8 - (-4)/26 a composite number?
True
Let n(i) = -9*i**3 - i**2 - 7*i + 6. Let z be n(-3). Suppose 4*o - 1403 = z. Let k = -163 + o. Is k prime?
False
Let l = -51 - -95. Suppose -52*n = -l*n - 215656. Is n a prime number?
False
Let p(j) be the second derivative of 59*j**5/40 + 35*j**4/24 - 11*j**3/6 + 6*j. Let g(w) be the second derivative of p(w). Is g(12) a composite number?
True
Suppose 3*i - 10 + 1 = 0. Suppose i*k + 6303 = 1656. Let r = -542 - k. Is r a composite number?
True
Let b = -2184 + 5884. Suppose 29 = 12*r - 7. Suppose r*u = -2*a - 0*u + b, 5*u = 10. Is a a composite number?
False
Let d(s) = -7*s + 4. Let f be d(5). Suppose -12 = -o - 11. Is (-2)/o - f/(-2)*-6 prime?
False
Suppose 316631 = 3422*j - 3415*j. Is j composite?
False
Suppose 6*u = -18*u + 31656. Let r = 3402 + u. Is r a composite number?
False
Suppose -428 = 6*y - 8*y. Suppose 0 = -u - 140 + y. Is u composite?
True
Suppose 0 = 5*f - u, -3*f - 4*u = -11 - 12. Let y be f + (-5)/7 + 304776/(-84). Is ((-25)/(-50))/(2/(y/(-1))) a prime number?
True
Suppose 83*v + 2*i = 81*v + 4, -v = -2*i - 17. Let m be 373*1*18/2. Suppose v*n - 17356 - m = 0. Is n composite?
True
Let g be -86*2*(-265)/10. Let b = 7629 + g. Is b composite?
True
Let m(d) = -124*d - 1. Let j(f) = 186*f + 1. Let y be 6 + -6 - (2 - -3). Let v(i) = y*j(i) - 8*m(i). Is v(2) a prime number?
True
Let f(z) = -96*z + 3. Let m be f(1). Let d = m + 159. Is 5994/d - 2/(-11) a prime number?
False
Let v = -935 - -364. Let x be (0 - -1)/((2 - 3)/(-1574)). Let g = v + x. Is g composite?
True
Suppose 3*v - v + 5*f = 29327, 3*v + f = 44010. Suppose -3*z - b - b + v = 0, z - 4*b - 4881 = 0. Is z a prime number?
True
Let n(f) = -49 - 25 - 8*f - 7*f - f. Let x be n(-29). Is 2/2 + 1*x a prime number?
False
Let g = -7226 + 9785. Is g a prime number?
False
Let i(o) = 6*o - 17. Let q = 93 - 45. Let c be (q/(-10) - 0)/(2/(-10)). Is i(c) a prime number?
True
Suppose 28 = 3*b + 2*y, 5*b + 2*y - 5*y - 34 = 0. Let w(u) = 380*u - 41. Is w(b) a composite number?
False
Let d(a) be the first derivative of -71*a**2/2 + 22*a - 1. Suppose 3*u - 34 = -49. Is d(u) a prime number?
False
Suppose -11 + 4 = -4*k - 5*d, 0 = -5*k - 5*d + 10. Suppose 9*a + 13651 = 3*z + 7*a, k*z = a + 13646. Is z composite?
False
Let d(s) = 271*s**2 + 10*s + 98. Is d(11) a composite number?
False
Let w(f) = -13*f + 149. Let p be w(11). Is 2 + 6759 - (p - 6) a composite number?
False
Let q(u) = 398*u**3 - 10*u**2 + 265*u - 52. Is q(11) a prime number?
False
Let o = -219 - -846. Is 2*(-3)/((-18)/o) a composite number?
True
Let g(z) = 62*z**2 - 97*z - 123. Is g(16) composite?
False
Is (-112)/(-11) + -10 + 2/((-22)/(-1894055)) prime?
False
Is (2 - -2) + 1 + 2 - (-376412 + 368) composite?
True
Let u(c) be the second derivative of -59*c**3/6 + 50*c**2 + 64*c. Is u(-9) prime?
True
Suppose -11*h + 8*h = -2181. Let f = h - 58. Suppose -2*x - x = -f. Is x prime?
True
Suppose 0 = -5*c - 3*r + 24, -4*c + 10*r = 6*r. Suppose 5*o - 2428 = 2*d - 1, 5*o + c*d = 2447. Is o composite?
False
Suppose 0*u - 5*u = -40. Let b(d) be the first derivative of 2*d**3 - 7*d**2/2 - 11*d + 222. Is b(u) a prime number?
True
Suppose -6 = -3*q, 0*x + 3*x - 120223 = 4*q. Suppose -2*n = 3*n + 4*v - x, -4*n + 32043 = -3*v. Is n a composite number?
True
Let k = -83191 + 312534. Is k prime?
True
Let r(m) = 572*m**3 - 2*m**2 - 10*m + 3. Is r(4) composite?
True
Let b(n) = 7*n + 24. Let y be b(-3). Is (y - -904) + (-42)/(-7) prime?
False
Let d(h) = 176 + 38*h + 12*h**2 - 348 + 181. Is d(-7) prime?
True
Suppose -r + 1775635 = -69*d + 70*d, -4*d = -3*r - 7102498. Is d a composite number?
False
Let o = 622 + -621. Is o*(-18796)/32*2*-4 composite?
True
Let d be (-17)/85 + (-101)/(-5). Suppose 13*q - 8*q = -d. Is q - -2 - -2 - -1483 prime?
True
Let k be (1 - -2)*(0/1 - -1). Let u(o) = 2076*o - 84*o - k - 2. Is u(1) prime?
True
Suppose -u = -n + 3 + 1, -4*n + 20 = -2*u. Suppose -5*k = -k - 24. Is 669*((-3)/k)/(n/(-4)) a prime number?
True
Let s = -9 + 48. Let p = -196 - s. Is p*(-3 - (-12)/5) prime?
False
Let x(a) = 60*a**2 + 16*a + 10. Let j be ((-80)/32)/((-1)/(-2)). Let b be x(j). Suppose -4*f = 3*m - 0*f - b, 4*m = 5*f + 1917. Is m a prime number?
False
Let y = 317025 + -155114. Is y prime?
True
Suppose 896305 = 5*c + 9*z, -3*c + z - 296947 = -834730. Is c prime?
True
Let g = -117398 + 759835. Is g a composite number?
True
Suppose 4*z - k + 79993 = -67831, z - 5*k + 36937 = 0. Let v = -26038 - z. Is v a composite number?
True
Let a(z) = -31*z**3 + 15*z**2 + 10*z - 45. Is a(-24) composite?
True
Let i(c) = 2676*c + 63. Let x(j) = -1784*j - 42. Let t(d) = -5*i(d) - 7*x(d). Is t(-4) a composite number?
False
Let c(w) = w**2 + 10*w + 27. Let z be c(-7). Let s be (-1 + 7)/(105/(-14) + z). Is -38*46/s*1 composite?
True
Suppose 21 - 12 = -m. Let x(r) = -4*r**3 - 8*r**2 + 14*r + 11. Is x(m) a prime number?
True
Suppose 0 = 108*f - 110*f - 72. Let a(q) = q**2 + 14*q - 91. Is a(f) prime?
True
Let i(j) = 6*j - 23. Let b be i(6). Suppose 1 - b = -3*g. Suppose -v - 1185 = -4*n + 4*v, 2*n - 586 = -g*v. Is n a composite number?
True
Let h(p) = 1283*p - 2116. Is h(3) a composite number?
False
Let v be 10*((-1)/(-1))/((-4)/(-12226)). Suppose -107810 = -5*c - v. Is c composite?
True
Let b(k) = -k**3 + 30*k**2 + 99*k + 49. Is b(20) prime?
True
Suppose 63*g = 321*g - 116678694. Is g a prime number?
False
Let s = -103 + 105. Suppose -6 = s*f - 26. Suppose -f*i = -8792 - 19098. Is i a prime number?
True
Suppose 0 = 8*x - 7*x, -x = -u + 85322. Suppose 213327 = 5*b - 2*c, -5*b + 7*b - 3*c = u. Is b composite?
False
Let s(r) = -7407*r - 731. Is s(-6) composite?
False
Suppose 6*o + 22 = 394. Is o/(((-1)/47)/((-1)/2)) prime?
False
Suppose -67*o = -70*o + 9. Suppose -1643 = o*q - 9788. Let i = q + -1300. Is i a composite number?
True
Suppose -16*s = -13*s - 21. Suppose -13347 = -s*a + 2074. Is a prime?
True
Let l(p) = -p**2 + 16. Let r = -57 - -61. Let o be l(r). Suppose o = 4*w - k - 144, 4*k - 131 = -3*w - k. Is w a prime number?
True
Suppose 3*z - 17 = 5*z - i, -4*z - 5*i = -1. Is (-2131 + 0)/(z*(-9)/(-270)) a composite number?
True
Let h = -525 + 827. Is h prime?
False
Suppose 118477 = 3*l + 4*d - 28800, 5*l - 245447 = -3*d. Is l prime?
False
Let p(g) = 147*g**2 + 13*g + 21. Let a be p(6). Let z = -420 + a. Is z a prime number?
False
Let f(z) = 1 + 17*z**2 - 26*z + 13*z + 32*z. Is f(5) a prime number?
True
Suppose -3*n + 5*x = 5, 9*n = 4*n + x - 1. Is n - (-4)/(4/12655) prime?
False
Suppose 4*u + 24 = 3*c + u, -9 = 3*u. Is (0/(-2) - (4 - c))*3271 prime?
True
Suppose -94*j + 1166381 = -33*j. Is j prime?
True
Let l be ((-74)/(-7))/(-2) - 10/(-35). Let w(s) = -3*s - 10. Let y be w(l). Suppose -409 = -3*n + 4*k, 335 = y*n - k - 375. Is n a prime number?
False
Suppose -j = -5*j. Suppose j = 9*p - 